/(-2))/(3/(-6)).
3, 5, 23
Suppose -5*l = -10*l + 25. Suppose u - 147 = -143. Suppose -m + u = -l. List the prime factors of m.
3
Let l = 4649 - 3294. List the prime factors of l.
5, 271
Suppose 6*g + 6880 = 38*g. List the prime factors of g.
5, 43
Suppose -2*a - 7*a - 603 = 0. Let j = a + 184. What are the prime factors of j?
3, 13
Let l = -150 - -146. Let s(o) = 2*o**3 + 2*o**2 - o - 2. Let u be s(2). Let n = u - l. What are the prime factors of n?
2, 3
Let j be (-6)/9 - (-8)/3. Suppose 3*g + 0*g - 5*x = 108, -j*g = 2*x - 72. What are the prime factors of g?
2, 3
List the prime factors of (-887)/(5/(-3) - 4/(-6)).
887
Let n = 281 + 1368. What are the prime factors of n?
17, 97
Suppose -5*y + 4*y + 2*r = 9, -2*y + 12 = 2*r. Let n(g) = -80*g + 3. Let p be n(y). Let l = -46 - p. What are the prime factors of l?
31
Let l = 19 - 49. Let i be 4/l - (-184)/30. Suppose -3*r + i = 4*j, -2*r - 4*j = 3*r - 10. What are the prime factors of r?
2
Suppose -695*k + 707*k = 21384. List the prime factors of k.
2, 3, 11
Suppose 133 = -4*l - 323. Let y = 163 + l. List the prime factors of y.
7
Suppose 3*d + 3*r = 13476, -2*d + 8*r = 11*r - 8989. List the prime factors of d.
7, 641
Let k = -280 - -428. Suppose -3*a = a - k. List the prime factors of a.
37
Let b = -36 + 83. List the prime factors of b.
47
Suppose 5*w = -2*v + 2483 + 2833, -10658 = -4*v + 3*w. List the prime factors of v.
2663
Let g be (11*5)/((-3)/(-9)). Suppose g + 169 = 2*a. List the prime factors of a.
167
Suppose 4*u - 7 = 1. Suppose -4*y = -2*n - 0*n - 222, 5*y = -u*n + 255. List the prime factors of y.
53
Let r = 20 - 15. Let s = 258 - 144. Suppose s = r*i - 36. List the prime factors of i.
2, 3, 5
Let z be 6/(-10) - ((-490)/25 + 0). Let v = z + -13. What are the prime factors of v?
2, 3
Let c = -2041 - -2946. List the prime factors of c.
5, 181
Let x = 342 - 171. List the prime factors of x.
3, 19
Suppose 4*z = 4*g - 0*g - 320, 3*z = -3*g - 228. Let u be ((-2)/4)/(1/z). Suppose -s - u = -2*s. What are the prime factors of s?
3, 13
Let j(x) = 2*x**2 - 17*x - 15. Let l be j(13). Let s = l + -39. What are the prime factors of s?
3, 7
Let n(q) = -25*q**3 - 2*q**2 - 4*q - 3. What are the prime factors of n(-2)?
197
Let z(c) = 5*c + 6*c + 3*c**2 - 3*c + 38 - 7. List the prime factors of z(-7).
2, 61
Let p(q) = q**2 - 6*q + 16. Let w(f) = -2*f**2 + 11*f - 33. Let z(k) = -9*p(k) - 4*w(k). List the prime factors of z(5).
13
What are the prime factors of (-27738)/(-33) + 66/(-121)?
2, 3, 5, 7
Suppose j + 4*j = 425. Let x = j - 36. Suppose 67 + x = 2*n. List the prime factors of n.
2, 29
Let w(g) = g**3 + 2*g**2 - 2*g + 180. List the prime factors of w(0).
2, 3, 5
Suppose -9*m = -4*m - 370. Suppose 325 = 4*s - p, m = -5*s + 4*p + 472. List the prime factors of s.
2, 41
Suppose -4 = -2*n + n. Let r(s) = -3*s**2 - 3*s + 7. Let j(p) = -8*p**2 - 9*p + 20. Let v(m) = n*j(m) - 11*r(m). What are the prime factors of v(4)?
7
Suppose -45*m + 225 = -30*m. What are the prime factors of m?
3, 5
Suppose 0*h - 234 = -2*h. Let l(r) = 117 - 19*r - h. List the prime factors of l(-2).
2, 19
Let q = -49 - -125. Let l = q + -33. Suppose -3*i + l + 26 = 0. List the prime factors of i.
23
Let v = -11 - -136. List the prime factors of v.
5
Suppose 0*f + 4*l = -f - 11, -l + 44 = -4*f. Let x(c) = 3*c**3 - 9 - 9*c**3 + 7*c + 3*c**3 - 10*c**2 + 2*c**3. List the prime factors of x(f).
5, 7
Suppose -16*v = -11*v - 95. Suppose 2*s + 19 = -v. Let y = s + 25. List the prime factors of y.
2, 3
Let i = 30 - 25. Suppose 3*k + 4 = n + n, -i*n + 4*k + 10 = 0. Suppose 0 = -n*v + 2 + 2. List the prime factors of v.
2
Suppose -o = -3*i + o + 2090, 2*o - 3478 = -5*i. List the prime factors of i.
2, 3, 29
What are the prime factors of (3490/(-4))/((-54)/108)?
5, 349
Let w(l) = -1 + 3 + 6*l + 10. Let q be w(-11). Let i = q + 90. List the prime factors of i.
2, 3
Let k = 325 + -129. Let b = k + -101. What are the prime factors of b?
5, 19
Let r(f) = 2*f**2 + f - f**2 + 4*f - 17*f - 13. List the prime factors of r(16).
3, 17
Let x = -3 - -9. Let y(v) = -v**3 + 6*v**2 + 2*v - 6. Let d be y(x). Suppose d*b - 48 = 4*b. What are the prime factors of b?
2, 3
Let h = 1 - 1. Let i = 31 - 28. Suppose p + i*p - 128 = h. List the prime factors of p.
2
Let j = 323 + -182. List the prime factors of j.
3, 47
Let z(h) be the first derivative of 21*h**2/2 - 14*h - 46. What are the prime factors of z(7)?
7, 19
Let c(m) = -m + 30. Suppose -61 - 3 = -4*s. Let t be c(s). Suppose -t = -2*n + 4. List the prime factors of n.
3
Let i(t) = -4126 + 3*t - 5*t + t**2 + 4107. List the prime factors of i(11).
2, 5
Let b(y) = y - 14. Let k be b(16). Suppose -k*j - j + 309 = 4*m, 3*j - 324 = m. What are the prime factors of j?
107
Let k be ((-4)/(-2))/(4/4). Suppose k*x = j + 17, 5*x + 6 = 3*x. Let b = j - -45. What are the prime factors of b?
2, 11
Suppose 73 = -2*g - 27. Let j = 73 + g. Let m = 32 - j. What are the prime factors of m?
3
Let o(m) = -2*m**3 - m + 26. Let k be 168/35 + -4 + (-29)/5. List the prime factors of o(k).
281
Let x(c) be the second derivative of -c**4/12 - 5*c**3/3 - 11*c**2/2 + 19*c. Suppose -l - 2*l - 18 = 0. List the prime factors of x(l).
13
Suppose -u + c + 26 = -61, 20 = -4*c. What are the prime factors of u/4 + (-7)/14?
2, 5
Suppose 7*h - 2410 = 740. List the prime factors of h.
2, 3, 5
Suppose 92*f + 19266 = 98*f. What are the prime factors of f?
13, 19
Let b = -7 - -12. Suppose 0 = -b*m + 25 + 515. What are the prime factors of m?
2, 3
Suppose 5 = 4*i + n - 10, -i = 5*n + 20. Suppose i*r - 384 = -3*t + 94, 4*t + 2*r - 656 = 0. List the prime factors of t.
2, 83
Let c(t) = 22*t**2 - 5*t. Let b(y) = -y**2 + 19*y + 18. Let n be b(20). What are the prime factors of c(n)?
2, 7
Let g = 25 + -20. Suppose -4*c - 28 = 2*k - 0*c, g*k - 3*c + 5 = 0. What are the prime factors of ((-3)/9)/(k/732)?
61
Let v = 115 + -50. Let p = v + 75. List the prime factors of p.
2, 5, 7
Suppose 2*f + 5 = -15. Let v(o) = o + 14. Let g be v(f). Suppose -g*i + 1 = -n - 3, -n = -4. What are the prime factors of i?
2
Let a(l) = -l**3 - l**2 + l + 7. Let q(z) = 3*z + 1. Let y be q(-2). Let w(f) = f**2 + 6*f + 5. Let k be w(y). What are the prime factors of a(k)?
7
Let j = -8 - -14. Suppose 3*x = j*x - 69. List the prime factors of x.
23
Suppose -2*q - 9 = -5*q. Suppose -q*v + v = 2*m - 102, -151 = -3*v - 5*m. Suppose -4*j + v = 16. What are the prime factors of j?
3
Suppose -23 = -d - 3*i + 114, -12 = -4*i. Suppose -16*t = -20*t + d. List the prime factors of t.
2
Suppose 4*u - 182 = -14. List the prime factors of 2/(-12) + 7105/u.
13
Suppose -s + 3*r = 0, 3*s - 5*r + 16 = 24. Let j be 2/4 - 610/(-4). Suppose -s*p = -j - 33. List the prime factors of p.
31
Let p(r) = -r**2 - 4*r + 3001. List the prime factors of p(0).
3001
Let o(x) = x - 1. Let r(n) = 62*n - 15. Let b(k) = 5*o(k) + r(k). Let y(f) = -17*f + 5. Let v(l) = -2*b(l) - 9*y(l). What are the prime factors of v(2)?
3, 11
Let l(u) = u**3 + u - 2. Let p be l(1). Suppose p = 3*x - 6*x + 75. Let d = 56 - x. List the prime factors of d.
31
Let o be (-1)/(-2)*0*-1. Suppose 0 = 5*g + 5*t - 570, 4*g - 4*t - 440 = -o*t. What are the prime factors of g?
2, 7
Let m = -3 + 20. Suppose -5*y + m = 3*h, -3 = -h - 3*y + 4. Suppose h*s - 74 = f + 33, 0 = -2*s + 5*f + 49. What are the prime factors of s?
3
Let r(g) = 16*g + 218. List the prime factors of r(-5).
2, 3, 23
Let a(f) = -2*f**2 + 3*f + 4. Let y be a(4). Let g be y/(-9) - 22/(-99). List the prime factors of g/5 + (-915)/(-25).
37
Suppose -256*w - 1758 = -259*w. What are the prime factors of w?
2, 293
Let d be 4/(-6) - (-28)/6. Suppose 5*i = -d*z - 107, 5*z - 105 = 4*i - 3. List the prime factors of (1 - i) + (-3 - -2).
23
Suppose 13 = 21*s - 6371. What are the prime factors of s?
2, 19
Let s(x) = -x**3 - 10*x**2 + x - 1. Let z be s(-10). Let p be (11/2)/(z/(-44)). Suppose -p = 6*c - 352. List the prime factors of c.
5, 11
Suppose -9 = 6*t - 4*t - 3*h, -5*t - 4*h + 35 = 0. Suppose t*d - 3 - 6 = 0. Let z = 32 + d. List the prime factors of z.
5, 7
Suppose 61*g + 11028 = 73*g. List the prime factors of g.
919
Let l be -1*(0 + -1 - 2). Suppose l*w = 2*h - 33, 4*h + w - 65 = 36. What are the prime factors of h?
2, 3
Let m(i) = -i**3 + 6*i**2 - 7*i - 6. Let y be m(4). List th